{"id":1598,"date":"2020-09-22T05:40:03","date_gmt":"2020-09-22T05:40:03","guid":{"rendered":"https:\/\/technologymindz.com\/wpthemes\/GrandRooftop\/?page_id=1598"},"modified":"2024-03-07T09:52:51","modified_gmt":"2024-03-07T08:52:51","slug":"menu","status":"publish","type":"page","link":"https:\/\/huitres3b.com\/?page_id=1598","title":{"rendered":"D\u00e9gustation"},"content":{"rendered":"\t\t<div data-elementor-type=\"wp-page\" data-elementor-id=\"1598\" class=\"elementor elementor-1598\" data-elementor-settings=\"[]\">\n\t\t\t\t\t\t\t<div class=\"elementor-section-wrap\">\n\t\t\t\t\t\t\t<section class=\"elementor-section elementor-top-section elementor-element elementor-element-488b0a9 elementor-section-boxed elementor-section-height-default elementor-section-height-default\" data-id=\"488b0a9\" data-element_type=\"section\">\n\t\t\t\t\t\t<div class=\"elementor-container elementor-column-gap-default\">\n\t\t\t\t\t<div class=\"elementor-column elementor-col-100 elementor-top-column elementor-element elementor-element-2edd9f4\" data-id=\"2edd9f4\" data-element_type=\"column\">\n\t\t\t<div class=\"elementor-widget-wrap elementor-element-populated\">\n\t\t\t\t\t\t\t\t<div class=\"elementor-element elementor-element-ea120df elementor-widget elementor-widget-spacer\" data-id=\"ea120df\" data-element_type=\"widget\" data-widget_type=\"spacer.default\">\n\t\t\t\t<div class=\"elementor-widget-container\">\n\t\t\t\t\t<div class=\"elementor-spacer\">\n\t\t\t<div class=\"elementor-spacer-inner\"><\/div>\n\t\t<\/div>\n\t\t\t\t<\/div>\n\t\t\t\t<\/div>\n\t\t\t\t\t<\/div>\n\t\t<\/div>\n\t\t\t\t\t\t\t<\/div>\n\t\t<\/section>\n\t\t\t\t<section class=\"elementor-section elementor-inner-section elementor-element elementor-element-2e26d248 elementor-section-content-middle elementor-section-boxed elementor-section-height-default elementor-section-height-default\" data-id=\"2e26d248\" data-element_type=\"section\">\n\t\t\t\t\t\t<div class=\"elementor-container elementor-column-gap-default\">\n\t\t\t\t\t<div class=\"elementor-column elementor-col-50 elementor-inner-column elementor-element elementor-element-1bfee0db\" data-id=\"1bfee0db\" data-element_type=\"column\">\n\t\t\t<div class=\"elementor-widget-wrap elementor-element-populated\">\n\t\t\t\t\t\t\t\t<div class=\"elementor-element elementor-element-283bb024 elementor-widget elementor-widget-spacer\" data-id=\"283bb024\" data-element_type=\"widget\" data-widget_type=\"spacer.default\">\n\t\t\t\t<div class=\"elementor-widget-container\">\n\t\t\t\t\t<div class=\"elementor-spacer\">\n\t\t\t<div class=\"elementor-spacer-inner\"><\/div>\n\t\t<\/div>\n\t\t\t\t<\/div>\n\t\t\t\t<\/div>\n\t\t\t\t<div class=\"elementor-element elementor-element-3cf697d3 headings elementor-widget elementor-widget-heading\" data-id=\"3cf697d3\" data-element_type=\"widget\" data-widget_type=\"heading.default\">\n\t\t\t\t<div class=\"elementor-widget-container\">\n\t\t\t<h2 class=\"elementor-heading-title elementor-size-default\">Chez Bidart<\/h2>\t\t<\/div>\n\t\t\t\t<\/div>\n\t\t\t\t<div class=\"elementor-element elementor-element-1ad9223e elementor-widget elementor-widget-heading\" data-id=\"1ad9223e\" data-element_type=\"widget\" data-widget_type=\"heading.default\">\n\t\t\t\t<div class=\"elementor-widget-container\">\n\t\t\t<h2 class=\"elementor-heading-title elementor-size-default\">D\u00e9gustation d'hu\u00eetres<\/h2>\t\t<\/div>\n\t\t\t\t<\/div>\n\t\t\t\t<div class=\"elementor-element elementor-element-40f88816 elementor-widget elementor-widget-spacer\" data-id=\"40f88816\" data-element_type=\"widget\" data-widget_type=\"spacer.default\">\n\t\t\t\t<div class=\"elementor-widget-container\">\n\t\t\t\t\t<div class=\"elementor-spacer\">\n\t\t\t<div class=\"elementor-spacer-inner\"><\/div>\n\t\t<\/div>\n\t\t\t\t<\/div>\n\t\t\t\t<\/div>\n\t\t\t\t<div class=\"elementor-element elementor-element-7efbdd0f elementor-invisible elementor-widget elementor-widget-text-editor\" data-id=\"7efbdd0f\" data-element_type=\"widget\" data-settings=\"{&quot;_animation&quot;:&quot;fadeInLeft&quot;}\" data-widget_type=\"text-editor.default\">\n\t\t\t\t<div class=\"elementor-widget-container\">\n\t\t\t\t\t\t\t\t<p>L\u2019histoire de la cabane Chez Bidart commence au bout du Port de Meyran \u00e0<br \/>Gujan o\u00f9 depuis 3 g\u00e9n\u00e9rations la famille Bidart est install\u00e9e. Depuis des ann\u00e9es,<br \/>Laurent Bidart trouvait ce cadre magique o\u00f9 matin et soir la vue est unique, l\u2019ambiance\u00a0y est sauvage avec les vraies couleurs du Bassin d\u2019Arcachon.<\/p><p>Laurent et son fils Lucas, avaient envie de cr\u00e9er une cabane de d\u00e9gustation<br \/>dans ce lieu naturel perdu au bout du monde. La famille Bidart a fait le choix en 2019\u00a0de r\u00e9nover et d\u2019agrandir cette cabane ostr\u00e9icole en am\u00e9nageant des espaces<br \/>int\u00e9rieurs avec un mobilier brut de la r\u00e9gion en bois d\u2019acacia et pins des Landes, fait<br \/>sur mesure par des artisans de chez nous.<\/p><p>Cette cabane offre de l\u2019int\u00e9rieur et de l\u2019ext\u00e9rieur une des plus belles vues<br \/>panoramiques sur le Bassin d\u2019Arcachon. Vous d\u00e9couvrirez un paysage changeant en<br \/>fonction de la mar\u00e9e et des lumi\u00e8res.<\/p><p>Venez d\u00e9guster nos hu\u00eetres du Grand Banc ouvertes sous vos yeux accompagn\u00e9s<br \/>de crevettes de premier choix, de bulots, de bigorneaux, de nos p\u00e2t\u00e9s de la r\u00e9gion et<br \/>de nos vins Bordelais.<\/p><p>La cabane offre \u00e9galement la possibilit\u00e9 d\u2019accueillir des groupes pour des<br \/>mariages, des s\u00e9minaires et pour d\u2019autres \u00e9v\u00e8nements.<\/p><p>Chez Bidart, nous vous accueillons toute l\u2019ann\u00e9e : sur notre terrasse les pieds dans l\u2019eau par beau temps, et \u00e0 l\u2019int\u00e9rieur autour du po\u00eale \u00e0 bois en hiver. La cabane est ferm\u00e9e uniquement au mois de janvier.<\/p><p>Vous avez la possibilit\u00e9 de venir en v\u00e9lo par le sentier du littoral, d\u2019accoster en bateau<br \/>ou tout simplement en voiture.<\/p><p>A tr\u00e8s vite,<\/p><p>La famille Bidart<\/p>\t\t\t\t\t\t<\/div>\n\t\t\t\t<\/div>\n\t\t\t\t<div class=\"elementor-element elementor-element-743607b2 width200 elementor-invisible elementor-widget elementor-widget-button\" data-id=\"743607b2\" data-element_type=\"widget\" data-settings=\"{&quot;_animation&quot;:&quot;fadeInUp&quot;}\" data-widget_type=\"button.default\">\n\t\t\t\t<div class=\"elementor-widget-container\">\n\t\t\t\t\t<div class=\"elementor-button-wrapper\">\n\t\t\t<a href=\"https:\/\/huitres3b.com\/?page_id=913\" class=\"elementor-button-link elementor-button elementor-size-md\" role=\"button\">\n\t\t\t\t\t\t<span class=\"elementor-button-content-wrapper\">\n\t\t\t\t\t\t<span class=\"elementor-button-text\">Contactez-nous<\/span>\n\t\t<\/span>\n\t\t\t\t\t<\/a>\n\t\t<\/div>\n\t\t\t\t<\/div>\n\t\t\t\t<\/div>\n\t\t\t\t\t<\/div>\n\t\t<\/div>\n\t\t\t\t<div class=\"elementor-column elementor-col-50 elementor-inner-column elementor-element elementor-element-5b8d91d9\" data-id=\"5b8d91d9\" data-element_type=\"column\">\n\t\t\t<div class=\"elementor-widget-wrap elementor-element-populated\">\n\t\t\t\t\t\t\t\t<div class=\"elementor-element elementor-element-35989fe5 elementor-widget elementor-widget-spacer\" data-id=\"35989fe5\" data-element_type=\"widget\" data-widget_type=\"spacer.default\">\n\t\t\t\t<div class=\"elementor-widget-container\">\n\t\t\t\t\t<div class=\"elementor-spacer\">\n\t\t\t<div class=\"elementor-spacer-inner\"><\/div>\n\t\t<\/div>\n\t\t\t\t<\/div>\n\t\t\t\t<\/div>\n\t\t\t\t\t<\/div>\n\t\t<\/div>\n\t\t\t\t\t\t\t<\/div>\n\t\t<\/section>\n\t\t\t\t<section class=\"elementor-section elementor-top-section elementor-element elementor-element-2e7807f elementor-section-full_width elementor-section-height-default elementor-section-height-default\" data-id=\"2e7807f\" data-element_type=\"section\">\n\t\t\t\t\t\t<div class=\"elementor-container elementor-column-gap-default\">\n\t\t\t\t\t<div class=\"elementor-column elementor-col-100 elementor-top-column elementor-element elementor-element-35ffd51\" data-id=\"35ffd51\" data-element_type=\"column\">\n\t\t\t<div class=\"elementor-widget-wrap elementor-element-populated\">\n\t\t\t\t\t\t\t\t<div class=\"elementor-element elementor-element-1121ba1 elementor-widget elementor-widget-spacer\" data-id=\"1121ba1\" data-element_type=\"widget\" data-widget_type=\"spacer.default\">\n\t\t\t\t<div class=\"elementor-widget-container\">\n\t\t\t\t\t<div class=\"elementor-spacer\">\n\t\t\t<div class=\"elementor-spacer-inner\"><\/div>\n\t\t<\/div>\n\t\t\t\t<\/div>\n\t\t\t\t<\/div>\n\t\t\t\t\t<\/div>\n\t\t<\/div>\n\t\t\t\t\t\t\t<\/div>\n\t\t<\/section>\n\t\t\t\t<section class=\"elementor-section elementor-top-section elementor-element elementor-element-c500fad elementor-section-full_width elementor-section-height-default elementor-section-height-default\" data-id=\"c500fad\" data-element_type=\"section\" data-settings=\"{&quot;background_background&quot;:&quot;classic&quot;}\">\n\t\t\t\t\t\t<div class=\"elementor-container elementor-column-gap-default\">\n\t\t\t\t\t<div class=\"elementor-column elementor-col-100 elementor-top-column elementor-element elementor-element-60276df\" data-id=\"60276df\" data-element_type=\"column\">\n\t\t\t<div class=\"elementor-widget-wrap elementor-element-populated\">\n\t\t\t\t\t\t\t\t<div class=\"elementor-element elementor-element-97600f7 elementor-widget elementor-widget-spacer\" data-id=\"97600f7\" data-element_type=\"widget\" data-widget_type=\"spacer.default\">\n\t\t\t\t<div class=\"elementor-widget-container\">\n\t\t\t\t\t<div class=\"elementor-spacer\">\n\t\t\t<div class=\"elementor-spacer-inner\"><\/div>\n\t\t<\/div>\n\t\t\t\t<\/div>\n\t\t\t\t<\/div>\n\t\t\t\t\t<\/div>\n\t\t<\/div>\n\t\t\t\t\t\t\t<\/div>\n\t\t<\/section>\n\t\t\t\t\t\t<\/div>\n\t\t\t\t\t<\/div>\n\t\t","protected":false},"excerpt":{"rendered":"<p>Chez Bidart D\u00e9gustation d&rsquo;hu\u00eetres L\u2019histoire de la cabane Chez Bidart commence au bout du Port de Meyran \u00e0Gujan o\u00f9 depuis 3 g\u00e9n\u00e9rations la famille Bidart est install\u00e9e. Depuis des ann\u00e9es,Laurent Bidart trouvait ce cadre magique o\u00f9 matin et soir la vue est unique, l\u2019ambiance\u00a0y est sauvage avec les vraies couleurs du Bassin d\u2019Arcachon. Laurent et &hellip; <\/p>\n<p class=\"link-more\"><a href=\"https:\/\/huitres3b.com\/?page_id=1598\" class=\"more-link\">Continue reading<span class=\"screen-reader-text\"> \u00ab\u00a0D\u00e9gustation\u00a0\u00bb<\/span><\/a><\/p>\n","protected":false},"author":1,"featured_media":0,"parent":0,"menu_order":0,"comment_status":"closed","ping_status":"closed","template":"elementor_header_footer","meta":{"footnotes":""},"class_list":["post-1598","page","type-page","status-publish","hentry"],"_links":{"self":[{"href":"https:\/\/huitres3b.com\/index.php?rest_route=\/wp\/v2\/pages\/1598","targetHints":{"allow":["GET"]}}],"collection":[{"href":"https:\/\/huitres3b.com\/index.php?rest_route=\/wp\/v2\/pages"}],"about":[{"href":"https:\/\/huitres3b.com\/index.php?rest_route=\/wp\/v2\/types\/page"}],"author":[{"embeddable":true,"href":"https:\/\/huitres3b.com\/index.php?rest_route=\/wp\/v2\/users\/1"}],"replies":[{"embeddable":true,"href":"https:\/\/huitres3b.com\/index.php?rest_route=%2Fwp%2Fv2%2Fcomments&post=1598"}],"version-history":[{"count":33,"href":"https:\/\/huitres3b.com\/index.php?rest_route=\/wp\/v2\/pages\/1598\/revisions"}],"predecessor-version":[{"id":2027,"href":"https:\/\/huitres3b.com\/index.php?rest_route=\/wp\/v2\/pages\/1598\/revisions\/2027"}],"wp:attachment":[{"href":"https:\/\/huitres3b.com\/index.php?rest_route=%2Fwp%2Fv2%2Fmedia&parent=1598"}],"curies":[{"name":"wp","href":"https:\/\/api.w.org\/{rel}","templated":true}]}}